s of 948540.
2, 3, 5, 15809
What are the prime factors of 420627?
3, 149, 941
List the prime factors of 32554399.
79, 412081
What are the prime factors of 47310?
2, 3, 5, 19, 83
List the prime factors of 1233341.
29, 71, 599
What are the prime factors of 526744?
2, 65843
What are the prime factors of 6202868?
2, 7, 29, 7639
List the prime factors of 7514335.
5, 29, 1787
What are the prime factors of 266927?
266927
What are the prime factors of 226680?
2, 3, 5, 1889
List the prime factors of 1099816.
2, 137477
What are the prime factors of 312362?
2, 47, 3323
What are the prime factors of 29137277?
13, 107, 20947
What are the prime factors of 8007727?
7, 13, 967
What are the prime factors of 16855112?
2, 739, 2851
List the prime factors of 533238.
2, 3, 88873
What are the prime factors of 1990368?
2, 3, 6911
List the prime factors of 101316.
2, 3, 8443
What are the prime factors of 278503?
278503
List the prime factors of 213436.
2, 53359
List the prime factors of 35998682.
2, 1747, 10303
List the prime factors of 110371.
19, 37, 157
List the prime factors of 263899.
263899
List the prime factors of 1816372.
2, 83, 5471
What are the prime factors of 1207103?
631, 1913
List the prime factors of 3212946.
2, 3, 11, 601
List the prime factors of 137272.
2, 17159
What are the prime factors of 34261083?
3, 1268929
What are the prime factors of 171293?
171293
List the prime factors of 19463789.
3089, 6301
List the prime factors of 677667.
3, 225889
What are the prime factors of 8183305?
5, 13, 125897
List the prime factors of 1274257.
293, 4349
What are the prime factors of 120479?
17, 19, 373
List the prime factors of 1175597.
137, 8581
List the prime factors of 47591.
47591
List the prime factors of 20449.
11, 13
What are the prime factors of 216773?
239, 907
What are the prime factors of 219219?
3, 7, 11, 13, 73
List the prime factors of 1286476.
2, 321619
What are the prime factors of 4521344?
2, 35323
List the prime factors of 494486.
2, 433, 571
What are the prime factors of 47050?
2, 5, 941
List the prime factors of 8471072.
2, 101, 2621
What are the prime factors of 23286924?
2, 3, 646859
List the prime factors of 77274.
2, 3, 53
What are the prime factors of 141952?
2, 1109
What are the prime factors of 368134?
2, 13, 14159
List the prime factors of 1017649.
1017649
List the prime factors of 2528389.
61, 181, 229
What are the prime factors of 6723913?
7, 71, 83, 163
List the prime factors of 425427.
3, 109, 1301
List the prime factors of 187985.
5, 7, 41, 131
What are the prime factors of 5929518?
2, 3, 7, 141179
What are the prime factors of 1508798?
2, 754399
List the prime factors of 803611.
803611
What are the prime factors of 3711669?
3, 13, 19, 5009
What are the prime factors of 14081549?
14081549
List the prime factors of 224423.
224423
List the prime factors of 4942927.
11, 197, 2281
What are the prime factors of 426257?
13, 32789
List the prime factors of 24822.
2, 3, 7, 197
What are the prime factors of 134570?
2, 5, 13457
What are the prime factors of 585557?
7, 23, 3637
What are the prime factors of 1682501?
37, 1229
List the prime factors of 205330.
2, 5, 20533
What are the prime factors of 57689?
57689
List the prime factors of 16978674.
2, 3, 41, 69019
What are the prime factors of 2092763?
41, 51043
What are the prime factors of 2080130?
2, 5, 13, 16001
What are the prime factors of 3094408?
2, 17, 61, 373
What are the prime factors of 32073002?
2, 13, 1233577
What are the prime factors of 41137?
31, 1327
What are the prime factors of 2745?
3, 5, 61
List the prime factors of 4823875.
5, 7, 37, 149
What are the prime factors of 108039?
3, 36013
What are the prime factors of 477289?
193, 2473
List the prime factors of 90125.
5, 7, 103
List the prime factors of 10474771.
17, 29, 21247
List the prime factors of 3141681.
3, 53, 19759
List the prime factors of 89140.
2, 5, 4457
List the prime factors of 3058949.
29, 313, 337
List the prime factors of 771950.
2, 5, 15439
What are the prime factors of 293272?
2, 7, 5237
What are the prime factors of 114084?
2, 3, 3169
What are the prime factors of 10038859?
19, 283, 1867
What are the prime factors of 17851764?
2, 3, 7, 461
What are the prime factors of 5054906?
2, 2527453
List the prime factors of 178533.
3, 83, 239
What are the prime factors of 913848?
2, 3, 13, 29, 101
List the prime factors of 10952937.
3, 59, 20627
List the prime factors of 29989107.
3, 409, 8147
List the prime factors of 7840043.
17, 109, 4231
What are the prime factors of 6233?
23, 271
What are the prime factors of 2129166?
2, 3, 13, 337
List the prime factors of 124154.
2, 23, 2699
What are the prime factors of 13737224?
2, 17, 101009
What are the prime factors of 755318?
2, 37, 59, 173
List the prime factors of 6637647.
3, 307, 7207
What are the prime factors of 1339984?
2, 89, 941
What are the prime factors of 616124?
2, 23, 37, 181
List the prime factors of 3771674.
2, 821, 2297
List the prime factors of 2623595.
5, 13, 181, 223
What are the prime factors of 5023144?
2, 7, 19, 4721
What are the prime factors of 515735?
5, 11, 9377
List the prime factors of 27650.
2, 5, 7, 79
List the prime factors of 414788.
2, 11, 857
What are the prime factors of 207741?
3, 69247
List the prime factors of 8467184.
2, 11, 48109
What are the prime factors of 2980118?
2, 1490059
What are the prime factors of 13637793?
3, 13, 37, 727
What are the prime factors of 6646222?
2, 11, 317, 953
List the prime factors of 132049.
132049
What are the prime factors of 6372791?
701, 9091
List the prime factors of 495592.
2, 61949
What are the prime factors of 2273569?
2273569
List the prime factors of 2806660.
2, 5, 140333
List the prime factors of 293642.
2, 41, 3581
List the prime factors of 11206375.
5, 37, 2423
What are the prime factors of 967822?
2, 19, 25469
What are the prime factors of 6592898?
2, 13, 253573
List the prime factors of 20876308.
2, 5219077
What are the prime factors of 1343744?
2, 29, 181
What are the prime factors of 5564789?
631, 8819
What are the prime factors of 2681441?
7, 41, 9343
List the prime factors of 859961.
661, 1301
What are the prime factors of 464521?
464521
What are the prime factors of 2371695?
3, 5, 158113
What are the prime factors of 10471371?
3, 17, 23, 79, 113
What are the prime factors of 506787?
3, 17, 19, 523
List the prime factors of 210947.
11, 127, 151
List the prime factors of 568615.
5, 113723
What are the prime factors of 455389?
11, 41399
What are the prime factors of 6472237?
6472237
What are the prime factors of 525055?
5, 173, 607
What are the prime factors of 13007124?
2, 3, 13, 27793
List the prime factors of 6467950.
2, 5, 277, 467
What are the prime factors of 280404?
2, 3, 7789
What are the prime factors of 675619?
7, 96517
What are the prime factors of 7987759?
13, 197, 3119
List the prime factors of 745291.
37, 20143
List the prime factors of 23297.
23297
What are the prime factors of 2183632?
2, 11, 19, 653
What are the prime factors of 387044?
2, 7, 23, 601
What are the prime factors of 67067?
7, 11, 13, 67
What are the prime factors of 4108920?
2, 3, 5, 97, 353
What are the prime factors of 8289809?
11, 753619
List the prime factors of 1154026.
2, 29, 101, 197
What are the prime factors of 2521996?
2, 23, 79, 347
List the prime factors of 12813983.
7, 13, 140813
List the prime factors of 4601517.
3, 29, 227, 233
What are the prime factors of 5251733?
19, 47, 5881
What are the prime factors of 568925?
5, 7, 3251
What are the prime factors of 14457007?
14457007
What are the prime factors of 3862338?
2, 3, 643723
What are the prime factors of 2832078?
2, 3, 317, 1489
List the prime factors of 1393111.
263, 5297
List the prime factors of 467620.
2, 5, 103, 227
List the prime factors of 1292204.
2, 17, 31, 613
What are the prime factors of 10098398?
2, 1489, 3391
What are the prime factors of 2734866?
2, 3, 151937
What are the prime factors of 152018?
2, 29, 2621
What are the prime factors of 656307?
3, 72923
List the prime factors of 15865.
5, 19, 167
What are the prime factors of 112956?
2, 3, 9413
List the prime factors of 162991.
389, 419
List the prime factors of 488114.
2, 11, 2017
List the prime factors of 144176.
2, 9011
What are the prime factors of 1937827?
37